{"id":488,"date":"2020-04-09T17:52:21","date_gmt":"2020-04-09T15:52:21","guid":{"rendered":"https:\/\/prapi.org\/?page_id=488"},"modified":"2021-03-16T07:49:48","modified_gmt":"2021-03-16T06:49:48","slug":"proyectos-anteriores","status":"publish","type":"page","link":"https:\/\/prapi.org\/index.php\/proyectos\/proyectos-anteriores\/","title":{"rendered":"Proyectos anteriores"},"content":{"rendered":"\t\t<div data-elementor-type=\"wp-page\" data-elementor-id=\"488\" class=\"elementor elementor-488\">\n\t\t\t\t\t\t<section class=\"elementor-section elementor-top-section elementor-element elementor-element-3ba47cd elementor-section-boxed elementor-section-height-default elementor-section-height-default\" data-id=\"3ba47cd\" data-element_type=\"section\" data-e-type=\"section\" data-settings=\"{&quot;background_background&quot;:&quot;classic&quot;,&quot;shape_divider_bottom&quot;:&quot;mountains&quot;}\">\n\t\t\t\t\t<div class=\"elementor-shape elementor-shape-bottom\" aria-hidden=\"true\" data-negative=\"false\">\n\t\t\t<svg xmlns=\"http:\/\/www.w3.org\/2000\/svg\" viewBox=\"0 0 1000 100\" preserveAspectRatio=\"none\">\n\t<path class=\"elementor-shape-fill\" opacity=\"0.33\" d=\"M473,67.3c-203.9,88.3-263.1-34-320.3,0C66,119.1,0,59.7,0,59.7V0h1000v59.7 c0,0-62.1,26.1-94.9,29.3c-32.8,3.3-62.8-12.3-75.8-22.1C806,49.6,745.3,8.7,694.9,4.7S492.4,59,473,67.3z\"\/>\n\t<path class=\"elementor-shape-fill\" opacity=\"0.66\" d=\"M734,67.3c-45.5,0-77.2-23.2-129.1-39.1c-28.6-8.7-150.3-10.1-254,39.1 s-91.7-34.4-149.2,0C115.7,118.3,0,39.8,0,39.8V0h1000v36.5c0,0-28.2-18.5-92.1-18.5C810.2,18.1,775.7,67.3,734,67.3z\"\/>\n\t<path class=\"elementor-shape-fill\" d=\"M766.1,28.9c-200-57.5-266,65.5-395.1,19.5C242,1.8,242,5.4,184.8,20.6C128,35.8,132.3,44.9,89.9,52.5C28.6,63.7,0,0,0,0 h1000c0,0-9.9,40.9-83.6,48.1S829.6,47,766.1,28.9z\"\/>\n<\/svg>\t\t<\/div>\n\t\t\t\t\t<div class=\"elementor-container elementor-column-gap-default\">\n\t\t\t\t\t<div class=\"elementor-column elementor-col-100 elementor-top-column elementor-element elementor-element-1d6aef9\" data-id=\"1d6aef9\" data-element_type=\"column\" data-e-type=\"column\">\n\t\t\t<div class=\"elementor-widget-wrap elementor-element-populated\">\n\t\t\t\t\t\t<div class=\"elementor-element elementor-element-cf5e21f elementor-invisible elementor-widget elementor-widget-heading\" data-id=\"cf5e21f\" data-element_type=\"widget\" data-e-type=\"widget\" data-settings=\"{&quot;_animation&quot;:&quot;fadeIn&quot;}\" data-widget_type=\"heading.default\">\n\t\t\t\t<div class=\"elementor-widget-container\">\n\t\t\t\t\t<h2 class=\"elementor-heading-title elementor-size-default\">Proyectos anteriores<\/h2>\t\t\t\t<\/div>\n\t\t\t\t<\/div>\n\t\t\t\t\t<\/div>\n\t\t<\/div>\n\t\t\t\t\t<\/div>\n\t\t<\/section>\n\t\t\t\t<section class=\"elementor-section elementor-top-section elementor-element elementor-element-5fc49de elementor-section-boxed elementor-section-height-default elementor-section-height-default\" data-id=\"5fc49de\" data-element_type=\"section\" data-e-type=\"section\" data-settings=\"{&quot;background_background&quot;:&quot;classic&quot;,&quot;shape_divider_top&quot;:&quot;mountains&quot;,&quot;shape_divider_bottom&quot;:&quot;mountains&quot;}\">\n\t\t\t\t\t<div class=\"elementor-shape elementor-shape-top\" aria-hidden=\"true\" data-negative=\"false\">\n\t\t\t<svg xmlns=\"http:\/\/www.w3.org\/2000\/svg\" viewBox=\"0 0 1000 100\" preserveAspectRatio=\"none\">\n\t<path class=\"elementor-shape-fill\" opacity=\"0.33\" d=\"M473,67.3c-203.9,88.3-263.1-34-320.3,0C66,119.1,0,59.7,0,59.7V0h1000v59.7 c0,0-62.1,26.1-94.9,29.3c-32.8,3.3-62.8-12.3-75.8-22.1C806,49.6,745.3,8.7,694.9,4.7S492.4,59,473,67.3z\"\/>\n\t<path class=\"elementor-shape-fill\" opacity=\"0.66\" d=\"M734,67.3c-45.5,0-77.2-23.2-129.1-39.1c-28.6-8.7-150.3-10.1-254,39.1 s-91.7-34.4-149.2,0C115.7,118.3,0,39.8,0,39.8V0h1000v36.5c0,0-28.2-18.5-92.1-18.5C810.2,18.1,775.7,67.3,734,67.3z\"\/>\n\t<path class=\"elementor-shape-fill\" d=\"M766.1,28.9c-200-57.5-266,65.5-395.1,19.5C242,1.8,242,5.4,184.8,20.6C128,35.8,132.3,44.9,89.9,52.5C28.6,63.7,0,0,0,0 h1000c0,0-9.9,40.9-83.6,48.1S829.6,47,766.1,28.9z\"\/>\n<\/svg>\t\t<\/div>\n\t\t\t\t<div class=\"elementor-shape elementor-shape-bottom\" aria-hidden=\"true\" data-negative=\"false\">\n\t\t\t<svg xmlns=\"http:\/\/www.w3.org\/2000\/svg\" viewBox=\"0 0 1000 100\" preserveAspectRatio=\"none\">\n\t<path class=\"elementor-shape-fill\" opacity=\"0.33\" d=\"M473,67.3c-203.9,88.3-263.1-34-320.3,0C66,119.1,0,59.7,0,59.7V0h1000v59.7 c0,0-62.1,26.1-94.9,29.3c-32.8,3.3-62.8-12.3-75.8-22.1C806,49.6,745.3,8.7,694.9,4.7S492.4,59,473,67.3z\"\/>\n\t<path class=\"elementor-shape-fill\" opacity=\"0.66\" d=\"M734,67.3c-45.5,0-77.2-23.2-129.1-39.1c-28.6-8.7-150.3-10.1-254,39.1 s-91.7-34.4-149.2,0C115.7,118.3,0,39.8,0,39.8V0h1000v36.5c0,0-28.2-18.5-92.1-18.5C810.2,18.1,775.7,67.3,734,67.3z\"\/>\n\t<path class=\"elementor-shape-fill\" d=\"M766.1,28.9c-200-57.5-266,65.5-395.1,19.5C242,1.8,242,5.4,184.8,20.6C128,35.8,132.3,44.9,89.9,52.5C28.6,63.7,0,0,0,0 h1000c0,0-9.9,40.9-83.6,48.1S829.6,47,766.1,28.9z\"\/>\n<\/svg>\t\t<\/div>\n\t\t\t\t\t<div class=\"elementor-container elementor-column-gap-default\">\n\t\t\t\t\t<div class=\"elementor-column elementor-col-50 elementor-top-column elementor-element elementor-element-c400151 elementor-invisible\" data-id=\"c400151\" data-element_type=\"column\" data-e-type=\"column\" data-settings=\"{&quot;animation&quot;:&quot;fadeInRight&quot;}\">\n\t\t\t<div class=\"elementor-widget-wrap elementor-element-populated\">\n\t\t\t\t\t\t<div class=\"elementor-element elementor-element-dc6d588 elementor-invisible elementor-widget elementor-widget-image\" data-id=\"dc6d588\" data-element_type=\"widget\" data-e-type=\"widget\" data-settings=\"{&quot;_animation&quot;:&quot;fadeInLeft&quot;}\" data-widget_type=\"image.default\">\n\t\t\t\t<div class=\"elementor-widget-container\">\n\t\t\t\t\t\t\t\t\t\t\t\t\t\t\t\t<a href=\"https:\/\/iniciativassolidarias.msf.es\/fundraisers\/imp-ver-oir-y-cantar-disco-libro-de-canciones-infantiles\" target=\"_blank\">\n\t\t\t\t\t\t\t<img fetchpriority=\"high\" decoding=\"async\" width=\"450\" height=\"250\" src=\"https:\/\/prapi.org\/wp-content\/uploads\/2020\/03\/banner_ver_oir_y_cantar_msf.jpg\" class=\"attachment-medium_large size-medium_large wp-image-208\" alt=\"\" srcset=\"https:\/\/prapi.org\/wp-content\/uploads\/2020\/03\/banner_ver_oir_y_cantar_msf.jpg 450w, https:\/\/prapi.org\/wp-content\/uploads\/2020\/03\/banner_ver_oir_y_cantar_msf-300x167.jpg 300w\" sizes=\"(max-width: 450px) 100vw, 450px\" \/>\t\t\t\t\t\t\t\t<\/a>\n\t\t\t\t\t\t\t\t\t\t\t\t\t\t\t<\/div>\n\t\t\t\t<\/div>\n\t\t\t\t\t<\/div>\n\t\t<\/div>\n\t\t\t\t<div class=\"elementor-column elementor-col-50 elementor-top-column elementor-element elementor-element-f01c07d\" data-id=\"f01c07d\" data-element_type=\"column\" data-e-type=\"column\">\n\t\t\t<div class=\"elementor-widget-wrap elementor-element-populated\">\n\t\t\t\t\t\t<div class=\"elementor-element elementor-element-6e17048 elementor-widget elementor-widget-heading\" data-id=\"6e17048\" data-element_type=\"widget\" data-e-type=\"widget\" data-widget_type=\"heading.default\">\n\t\t\t\t<div class=\"elementor-widget-container\">\n\t\t\t\t\t<h3 class=\"elementor-heading-title elementor-size-default\">Ver, o\u00edr y cantar<\/h3>\t\t\t\t<\/div>\n\t\t\t\t<\/div>\n\t\t\t\t<div class=\"elementor-element elementor-element-7f36f5c elementor-widget elementor-widget-text-editor\" data-id=\"7f36f5c\" data-element_type=\"widget\" data-e-type=\"widget\" data-widget_type=\"text-editor.default\">\n\t\t\t\t<div class=\"elementor-widget-container\">\n\t\t\t\t\t\t\t\t\t<p>A finales de 2016 se colabor\u00f3 con La Caja de M\u00fasica de Sabi\u00f1\u00e1nigo en la publicaci\u00f3n del disco-libro \u00abVer, o\u00edr y cantar\u00bb que incluye una colecci\u00f3n de diez canciones infantiles grabadas para cantar en familia y para ser usadas como material de trabajo en las escuelas.<\/p><p>Todos los beneficios de dicha publicaci\u00f3n se han donado a la <span style=\"color: #ffffff;\"><strong><a style=\"color: #ffffff;\" href=\"https:\/\/iniciativassolidarias.msf.es\/fundraisers\/imp-ver-oir-y-cantar-disco-libro-de-canciones-infantiles\" target=\"_blank\" rel=\"noopener\"><span style=\"color: #000000;\">ONG<\/span> <span style=\"color: #000000;\">M\u00e9dicos Sin Fronteras<\/span><\/a><\/strong><\/span>, habiendo recaudado con su venta m\u00e1s de 16000 \u20ac.<\/p>\t\t\t\t\t\t\t\t<\/div>\n\t\t\t\t<\/div>\n\t\t\t\t<div class=\"elementor-element elementor-element-b2c7214 elementor-mobile-align-justify elementor-align-left elementor-widget elementor-widget-button\" data-id=\"b2c7214\" data-element_type=\"widget\" data-e-type=\"widget\" data-widget_type=\"button.default\">\n\t\t\t\t<div class=\"elementor-widget-container\">\n\t\t\t\t\t\t\t\t\t<div class=\"elementor-button-wrapper\">\n\t\t\t\t\t<a class=\"elementor-button elementor-button-link elementor-size-md elementor-animation-grow\" href=\"https:\/\/iniciativassolidarias.msf.es\/fundraisers\/imp-ver-oir-y-cantar-disco-libro-de-canciones-infantiles\" target=\"_blank\">\n\t\t\t\t\t\t<span class=\"elementor-button-content-wrapper\">\n\t\t\t\t\t\t\t\t\t<span class=\"elementor-button-text\">SABER M\u00c1S<\/span>\n\t\t\t\t\t<\/span>\n\t\t\t\t\t<\/a>\n\t\t\t\t<\/div>\n\t\t\t\t\t\t\t\t<\/div>\n\t\t\t\t<\/div>\n\t\t\t\t\t<\/div>\n\t\t<\/div>\n\t\t\t\t\t<\/div>\n\t\t<\/section>\n\t\t\t\t<section class=\"elementor-section elementor-top-section elementor-element elementor-element-b0b411d elementor-section-boxed elementor-section-height-default elementor-section-height-default\" data-id=\"b0b411d\" data-element_type=\"section\" data-e-type=\"section\" data-settings=\"{&quot;background_background&quot;:&quot;classic&quot;,&quot;shape_divider_top&quot;:&quot;mountains&quot;}\">\n\t\t\t\t\t<div class=\"elementor-shape elementor-shape-top\" aria-hidden=\"true\" data-negative=\"false\">\n\t\t\t<svg xmlns=\"http:\/\/www.w3.org\/2000\/svg\" viewBox=\"0 0 1000 100\" preserveAspectRatio=\"none\">\n\t<path class=\"elementor-shape-fill\" opacity=\"0.33\" d=\"M473,67.3c-203.9,88.3-263.1-34-320.3,0C66,119.1,0,59.7,0,59.7V0h1000v59.7 c0,0-62.1,26.1-94.9,29.3c-32.8,3.3-62.8-12.3-75.8-22.1C806,49.6,745.3,8.7,694.9,4.7S492.4,59,473,67.3z\"\/>\n\t<path class=\"elementor-shape-fill\" opacity=\"0.66\" d=\"M734,67.3c-45.5,0-77.2-23.2-129.1-39.1c-28.6-8.7-150.3-10.1-254,39.1 s-91.7-34.4-149.2,0C115.7,118.3,0,39.8,0,39.8V0h1000v36.5c0,0-28.2-18.5-92.1-18.5C810.2,18.1,775.7,67.3,734,67.3z\"\/>\n\t<path class=\"elementor-shape-fill\" d=\"M766.1,28.9c-200-57.5-266,65.5-395.1,19.5C242,1.8,242,5.4,184.8,20.6C128,35.8,132.3,44.9,89.9,52.5C28.6,63.7,0,0,0,0 h1000c0,0-9.9,40.9-83.6,48.1S829.6,47,766.1,28.9z\"\/>\n<\/svg>\t\t<\/div>\n\t\t\t\t\t<div class=\"elementor-container elementor-column-gap-default\">\n\t\t\t\t\t<div class=\"elementor-column elementor-col-50 elementor-top-column elementor-element elementor-element-5f09c9f\" data-id=\"5f09c9f\" data-element_type=\"column\" data-e-type=\"column\">\n\t\t\t<div class=\"elementor-widget-wrap elementor-element-populated\">\n\t\t\t\t\t\t\t<\/div>\n\t\t<\/div>\n\t\t\t\t<div class=\"elementor-column elementor-col-50 elementor-top-column elementor-element elementor-element-87567c4\" data-id=\"87567c4\" data-element_type=\"column\" data-e-type=\"column\">\n\t\t\t<div class=\"elementor-widget-wrap elementor-element-populated\">\n\t\t\t\t\t\t<div class=\"elementor-element elementor-element-70d8968 elementor-widget elementor-widget-heading\" data-id=\"70d8968\" data-element_type=\"widget\" data-e-type=\"widget\" data-widget_type=\"heading.default\">\n\t\t\t\t<div class=\"elementor-widget-container\">\n\t\t\t\t\t<h3 class=\"elementor-heading-title elementor-size-default\">Conciertos did\u00e1cticos<\/h3>\t\t\t\t<\/div>\n\t\t\t\t<\/div>\n\t\t\t\t<div class=\"elementor-element elementor-element-6296392 elementor-widget elementor-widget-text-editor\" data-id=\"6296392\" data-element_type=\"widget\" data-e-type=\"widget\" data-widget_type=\"text-editor.default\">\n\t\t\t\t<div class=\"elementor-widget-container\">\n\t\t\t\t\t\t\t\t\t<p>Desde el a\u00f1o. 2010 hemos realizado conciertos did\u00e1cticos y cuentos musicados para los escolares de la Comarca Alto G\u00e1llego (Huesca) con la asociaci\u00f3n\u00a0<a style=\"text-decoration-line: underline;\" href=\"http:\/\/lacajademusica.org\/\" target=\"_blank\" rel=\"noopener\"><b>La Caja de M\u00fasica de Sabi\u00f1\u00e1nigo<\/b><\/a>, tanto en el Auditorio \u00abLa Colina\u00bb como en el Centro Cultural \u00abPablo Neruda\u00bb.\u00a0<\/p><p>En ellos se trabajaban contenidos trabajados en el aula de m\u00fasica de manera divertida, haciendo del alumnado un elemento activo de dichos conciertos.\u00a0<\/p>\t\t\t\t\t\t\t\t<\/div>\n\t\t\t\t<\/div>\n\t\t\t\t\t<\/div>\n\t\t<\/div>\n\t\t\t\t\t<\/div>\n\t\t<\/section>\n\t\t\t\t<\/div>\n\t\t","protected":false},"excerpt":{"rendered":"<p>Proyectos anteriores Ver, o\u00edr y cantar A finales de 2016 se colabor\u00f3 con La Caja de M\u00fasica de Sabi\u00f1\u00e1nigo en la publicaci\u00f3n del disco-libro \u00abVer, o\u00edr y cantar\u00bb que incluye una colecci\u00f3n de diez canciones infantiles grabadas para cantar en familia y para ser usadas como material de trabajo en las escuelas. Todos los beneficios&hellip;&nbsp;<a href=\"https:\/\/prapi.org\/index.php\/proyectos\/proyectos-anteriores\/\" rel=\"bookmark\">Leer m\u00e1s &raquo;<span class=\"screen-reader-text\">Proyectos anteriores<\/span><\/a><\/p>\n","protected":false},"author":2,"featured_media":0,"parent":553,"menu_order":0,"comment_status":"closed","ping_status":"closed","template":"elementor_header_footer","meta":{"_eb_attr":"","neve_meta_sidebar":"full-width","neve_meta_container":"","neve_meta_enable_content_width":"on","neve_meta_content_width":100,"neve_meta_title_alignment":"","neve_meta_author_avatar":"","neve_post_elements_order":"","neve_meta_disable_header":"","neve_meta_disable_footer":"","neve_meta_disable_title":"","_themeisle_gutenberg_block_has_review":false,"footnotes":""},"class_list":["post-488","page","type-page","status-publish","hentry"],"yoast_head":"<!-- This site is optimized with the Yoast SEO plugin v27.5 - https:\/\/yoast.com\/product\/yoast-seo-wordpress\/ -->\n<title>Proyectos anteriores - Proyectos art\u00edsticos del Pirineo - PRAPI<\/title>\n<meta name=\"robots\" content=\"index, follow, max-snippet:-1, max-image-preview:large, max-video-preview:-1\" \/>\n<link rel=\"canonical\" href=\"https:\/\/prapi.org\/index.php\/proyectos\/proyectos-anteriores\/\" \/>\n<meta property=\"og:locale\" content=\"es_ES\" \/>\n<meta property=\"og:type\" content=\"article\" \/>\n<meta property=\"og:title\" content=\"Proyectos anteriores - Proyectos art\u00edsticos del Pirineo - PRAPI\" \/>\n<meta property=\"og:description\" content=\"Proyectos anteriores Ver, o\u00edr y cantar A finales de 2016 se colabor\u00f3 con La Caja de M\u00fasica de Sabi\u00f1\u00e1nigo en la publicaci\u00f3n del disco-libro \u00abVer, o\u00edr y cantar\u00bb que incluye una colecci\u00f3n de diez canciones infantiles grabadas para cantar en familia y para ser usadas como material de trabajo en las escuelas. Todos los beneficios&hellip;&nbsp;Leer m\u00e1s &raquo;Proyectos anteriores\" \/>\n<meta property=\"og:url\" content=\"https:\/\/prapi.org\/index.php\/proyectos\/proyectos-anteriores\/\" \/>\n<meta property=\"og:site_name\" content=\"Proyectos art\u00edsticos del Pirineo - PRAPI\" \/>\n<meta property=\"article:modified_time\" content=\"2021-03-16T06:49:48+00:00\" \/>\n<meta property=\"og:image\" content=\"https:\/\/prapi.org\/wp-content\/uploads\/2020\/03\/banner_ver_oir_y_cantar_msf.jpg\" \/>\n<meta name=\"twitter:card\" content=\"summary_large_image\" \/>\n<meta name=\"twitter:label1\" content=\"Tiempo de lectura\" \/>\n\t<meta name=\"twitter:data1\" content=\"1 minuto\" \/>\n<script type=\"application\/ld+json\" class=\"yoast-schema-graph\">{\"@context\":\"https:\\\/\\\/schema.org\",\"@graph\":[{\"@type\":\"WebPage\",\"@id\":\"https:\\\/\\\/prapi.org\\\/index.php\\\/proyectos\\\/proyectos-anteriores\\\/\",\"url\":\"https:\\\/\\\/prapi.org\\\/index.php\\\/proyectos\\\/proyectos-anteriores\\\/\",\"name\":\"Proyectos anteriores - Proyectos art\u00edsticos del Pirineo - PRAPI\",\"isPartOf\":{\"@id\":\"https:\\\/\\\/prapi.org\\\/#website\"},\"primaryImageOfPage\":{\"@id\":\"https:\\\/\\\/prapi.org\\\/index.php\\\/proyectos\\\/proyectos-anteriores\\\/#primaryimage\"},\"image\":{\"@id\":\"https:\\\/\\\/prapi.org\\\/index.php\\\/proyectos\\\/proyectos-anteriores\\\/#primaryimage\"},\"thumbnailUrl\":\"https:\\\/\\\/prapi.org\\\/wp-content\\\/uploads\\\/2020\\\/03\\\/banner_ver_oir_y_cantar_msf.jpg\",\"datePublished\":\"2020-04-09T15:52:21+00:00\",\"dateModified\":\"2021-03-16T06:49:48+00:00\",\"breadcrumb\":{\"@id\":\"https:\\\/\\\/prapi.org\\\/index.php\\\/proyectos\\\/proyectos-anteriores\\\/#breadcrumb\"},\"inLanguage\":\"es\",\"potentialAction\":[{\"@type\":\"ReadAction\",\"target\":[\"https:\\\/\\\/prapi.org\\\/index.php\\\/proyectos\\\/proyectos-anteriores\\\/\"]}]},{\"@type\":\"ImageObject\",\"inLanguage\":\"es\",\"@id\":\"https:\\\/\\\/prapi.org\\\/index.php\\\/proyectos\\\/proyectos-anteriores\\\/#primaryimage\",\"url\":\"https:\\\/\\\/prapi.org\\\/wp-content\\\/uploads\\\/2020\\\/03\\\/banner_ver_oir_y_cantar_msf.jpg\",\"contentUrl\":\"https:\\\/\\\/prapi.org\\\/wp-content\\\/uploads\\\/2020\\\/03\\\/banner_ver_oir_y_cantar_msf.jpg\",\"width\":450,\"height\":250},{\"@type\":\"BreadcrumbList\",\"@id\":\"https:\\\/\\\/prapi.org\\\/index.php\\\/proyectos\\\/proyectos-anteriores\\\/#breadcrumb\",\"itemListElement\":[{\"@type\":\"ListItem\",\"position\":1,\"name\":\"Portada\",\"item\":\"https:\\\/\\\/prapi.org\\\/\"},{\"@type\":\"ListItem\",\"position\":2,\"name\":\"Proyectos\",\"item\":\"https:\\\/\\\/prapi.org\\\/index.php\\\/proyectos\\\/\"},{\"@type\":\"ListItem\",\"position\":3,\"name\":\"Proyectos anteriores\"}]},{\"@type\":\"WebSite\",\"@id\":\"https:\\\/\\\/prapi.org\\\/#website\",\"url\":\"https:\\\/\\\/prapi.org\\\/\",\"name\":\"Proyectos art\u00edsticos del Pirineo - PRAPI\",\"description\":\"Proyectos art\u00edsticos del Pirineo\",\"publisher\":{\"@id\":\"https:\\\/\\\/prapi.org\\\/#organization\"},\"potentialAction\":[{\"@type\":\"SearchAction\",\"target\":{\"@type\":\"EntryPoint\",\"urlTemplate\":\"https:\\\/\\\/prapi.org\\\/?s={search_term_string}\"},\"query-input\":{\"@type\":\"PropertyValueSpecification\",\"valueRequired\":true,\"valueName\":\"search_term_string\"}}],\"inLanguage\":\"es\"},{\"@type\":\"Organization\",\"@id\":\"https:\\\/\\\/prapi.org\\\/#organization\",\"name\":\"PROYECTOS ARTISTICOS DEL PIRINEO\",\"url\":\"https:\\\/\\\/prapi.org\\\/\",\"logo\":{\"@type\":\"ImageObject\",\"inLanguage\":\"es\",\"@id\":\"https:\\\/\\\/prapi.org\\\/#\\\/schema\\\/logo\\\/image\\\/\",\"url\":\"https:\\\/\\\/prapi.org\\\/wp-content\\\/uploads\\\/2020\\\/03\\\/Logo-PRAPI-color.png\",\"contentUrl\":\"https:\\\/\\\/prapi.org\\\/wp-content\\\/uploads\\\/2020\\\/03\\\/Logo-PRAPI-color.png\",\"width\":961,\"height\":533,\"caption\":\"PROYECTOS ARTISTICOS DEL PIRINEO\"},\"image\":{\"@id\":\"https:\\\/\\\/prapi.org\\\/#\\\/schema\\\/logo\\\/image\\\/\"},\"sameAs\":[\"https:\\\/\\\/www.youtube.com\\\/channel\\\/UCAzWarUlFqye_FDXCj2ETgw\"]}]}<\/script>\n<!-- \/ Yoast SEO plugin. -->","yoast_head_json":{"title":"Proyectos anteriores - Proyectos art\u00edsticos del Pirineo - PRAPI","robots":{"index":"index","follow":"follow","max-snippet":"max-snippet:-1","max-image-preview":"max-image-preview:large","max-video-preview":"max-video-preview:-1"},"canonical":"https:\/\/prapi.org\/index.php\/proyectos\/proyectos-anteriores\/","og_locale":"es_ES","og_type":"article","og_title":"Proyectos anteriores - Proyectos art\u00edsticos del Pirineo - PRAPI","og_description":"Proyectos anteriores Ver, o\u00edr y cantar A finales de 2016 se colabor\u00f3 con La Caja de M\u00fasica de Sabi\u00f1\u00e1nigo en la publicaci\u00f3n del disco-libro \u00abVer, o\u00edr y cantar\u00bb que incluye una colecci\u00f3n de diez canciones infantiles grabadas para cantar en familia y para ser usadas como material de trabajo en las escuelas. Todos los beneficios&hellip;&nbsp;Leer m\u00e1s &raquo;Proyectos anteriores","og_url":"https:\/\/prapi.org\/index.php\/proyectos\/proyectos-anteriores\/","og_site_name":"Proyectos art\u00edsticos del Pirineo - PRAPI","article_modified_time":"2021-03-16T06:49:48+00:00","og_image":[{"url":"https:\/\/prapi.org\/wp-content\/uploads\/2020\/03\/banner_ver_oir_y_cantar_msf.jpg","type":"","width":"","height":""}],"twitter_card":"summary_large_image","twitter_misc":{"Tiempo de lectura":"1 minuto"},"schema":{"@context":"https:\/\/schema.org","@graph":[{"@type":"WebPage","@id":"https:\/\/prapi.org\/index.php\/proyectos\/proyectos-anteriores\/","url":"https:\/\/prapi.org\/index.php\/proyectos\/proyectos-anteriores\/","name":"Proyectos anteriores - Proyectos art\u00edsticos del Pirineo - PRAPI","isPartOf":{"@id":"https:\/\/prapi.org\/#website"},"primaryImageOfPage":{"@id":"https:\/\/prapi.org\/index.php\/proyectos\/proyectos-anteriores\/#primaryimage"},"image":{"@id":"https:\/\/prapi.org\/index.php\/proyectos\/proyectos-anteriores\/#primaryimage"},"thumbnailUrl":"https:\/\/prapi.org\/wp-content\/uploads\/2020\/03\/banner_ver_oir_y_cantar_msf.jpg","datePublished":"2020-04-09T15:52:21+00:00","dateModified":"2021-03-16T06:49:48+00:00","breadcrumb":{"@id":"https:\/\/prapi.org\/index.php\/proyectos\/proyectos-anteriores\/#breadcrumb"},"inLanguage":"es","potentialAction":[{"@type":"ReadAction","target":["https:\/\/prapi.org\/index.php\/proyectos\/proyectos-anteriores\/"]}]},{"@type":"ImageObject","inLanguage":"es","@id":"https:\/\/prapi.org\/index.php\/proyectos\/proyectos-anteriores\/#primaryimage","url":"https:\/\/prapi.org\/wp-content\/uploads\/2020\/03\/banner_ver_oir_y_cantar_msf.jpg","contentUrl":"https:\/\/prapi.org\/wp-content\/uploads\/2020\/03\/banner_ver_oir_y_cantar_msf.jpg","width":450,"height":250},{"@type":"BreadcrumbList","@id":"https:\/\/prapi.org\/index.php\/proyectos\/proyectos-anteriores\/#breadcrumb","itemListElement":[{"@type":"ListItem","position":1,"name":"Portada","item":"https:\/\/prapi.org\/"},{"@type":"ListItem","position":2,"name":"Proyectos","item":"https:\/\/prapi.org\/index.php\/proyectos\/"},{"@type":"ListItem","position":3,"name":"Proyectos anteriores"}]},{"@type":"WebSite","@id":"https:\/\/prapi.org\/#website","url":"https:\/\/prapi.org\/","name":"Proyectos art\u00edsticos del Pirineo - PRAPI","description":"Proyectos art\u00edsticos del Pirineo","publisher":{"@id":"https:\/\/prapi.org\/#organization"},"potentialAction":[{"@type":"SearchAction","target":{"@type":"EntryPoint","urlTemplate":"https:\/\/prapi.org\/?s={search_term_string}"},"query-input":{"@type":"PropertyValueSpecification","valueRequired":true,"valueName":"search_term_string"}}],"inLanguage":"es"},{"@type":"Organization","@id":"https:\/\/prapi.org\/#organization","name":"PROYECTOS ARTISTICOS DEL PIRINEO","url":"https:\/\/prapi.org\/","logo":{"@type":"ImageObject","inLanguage":"es","@id":"https:\/\/prapi.org\/#\/schema\/logo\/image\/","url":"https:\/\/prapi.org\/wp-content\/uploads\/2020\/03\/Logo-PRAPI-color.png","contentUrl":"https:\/\/prapi.org\/wp-content\/uploads\/2020\/03\/Logo-PRAPI-color.png","width":961,"height":533,"caption":"PROYECTOS ARTISTICOS DEL PIRINEO"},"image":{"@id":"https:\/\/prapi.org\/#\/schema\/logo\/image\/"},"sameAs":["https:\/\/www.youtube.com\/channel\/UCAzWarUlFqye_FDXCj2ETgw"]}]}},"_links":{"self":[{"href":"https:\/\/prapi.org\/index.php\/wp-json\/wp\/v2\/pages\/488","targetHints":{"allow":["GET"]}}],"collection":[{"href":"https:\/\/prapi.org\/index.php\/wp-json\/wp\/v2\/pages"}],"about":[{"href":"https:\/\/prapi.org\/index.php\/wp-json\/wp\/v2\/types\/page"}],"author":[{"embeddable":true,"href":"https:\/\/prapi.org\/index.php\/wp-json\/wp\/v2\/users\/2"}],"replies":[{"embeddable":true,"href":"https:\/\/prapi.org\/index.php\/wp-json\/wp\/v2\/comments?post=488"}],"version-history":[{"count":0,"href":"https:\/\/prapi.org\/index.php\/wp-json\/wp\/v2\/pages\/488\/revisions"}],"up":[{"embeddable":true,"href":"https:\/\/prapi.org\/index.php\/wp-json\/wp\/v2\/pages\/553"}],"wp:attachment":[{"href":"https:\/\/prapi.org\/index.php\/wp-json\/wp\/v2\/media?parent=488"}],"curies":[{"name":"wp","href":"https:\/\/api.w.org\/{rel}","templated":true}]}}